{"id":232709,"date":"2026-02-04T10:47:03","date_gmt":"2026-02-04T09:47:03","guid":{"rendered":"https:\/\/shop.bantam.ch\/produit\/porte-velos-carry-bike-dj-adaptable-sur-ducato-deep-black\/"},"modified":"2026-05-01T23:51:00","modified_gmt":"2026-05-01T21:51:00","slug":"porte-velos-carry-bike-dj-adaptable-sur-ducato-deep-black","status":"publish","type":"product","link":"https:\/\/shop.bantam.ch\/fr\/produit\/porte-velos-carry-bike-dj-adaptable-sur-ducato-deep-black\/","title":{"rendered":"Porte-v\u00e9los Carry-Bike DJ adaptable sur Ducato Deep Black"},"content":{"rendered":"<p>Utilisez la double porte de votre v\u00e9hicule pour transporter vos v\u00e9los !<br \/>\nCe carry-bike se compose de l&rsquo;achat s\u00e9par\u00e9 du porte-v\u00e9los et des barres de fixation sp\u00e9cialement con\u00e7ues pour le v\u00e9hicule Fiat Ducato \u2265 06.<\/p>\n<p>C&rsquo;est exactement ce qu&rsquo;il faut pour ceux qui recherchent un porte-v\u00e9los pour le Fiat Ducato permettant de transporter 2 v\u00e9los, mais avec lequel il est \u00e9galement possible de monter l&rsquo;\u00e9chelle Deluxe sur le hayon gauche.<\/p>\n<ul>\n<li>Espacement des rails 23 cm<\/li>\n<li>Pour 2 v\u00e9los max.<\/li>\n<li>Rail : Rail Quick Pro<\/li>\n<li>Bike-Block : Pro S1 \/ Pro S3<\/li>\n<\/ul>\n<p>Compatibilit\u00e9 v\u00e9hicule<br \/>\nFiat Ducato III-IV s\u00e9rie \/ Citro\u00ebn Jumper II-III s\u00e9rie \/ Peugeot Boxer II-III s\u00e9rie (\u2265 2006 &#8211; H2\/H3)<\/p>\n","protected":false},"excerpt":{"rendered":"<p>Utilisez la double porte de votre v\u00e9hicule pour transporter vos v\u00e9los ! Ce carry-bike se compose de l&rsquo;achat s\u00e9par\u00e9 du porte-v\u00e9los et des barres de fixation sp\u00e9cialement con\u00e7ues pour le v\u00e9hicule Fiat Ducato \u2265 06. C&rsquo;est exactement ce qu&rsquo;il faut pour ceux qui recherchent un porte-v\u00e9los pour le Fiat Ducato permettant de transporter 2 v\u00e9los, [&hellip;]<\/p>\n","protected":false},"featured_media":232701,"template":"","meta":{"_acf_changed":false},"product_featured_cat":[],"product_brand":[],"product_cat":[5137],"product_tag":[],"class_list":{"0":"post-232709","1":"product","2":"type-product","3":"status-publish","4":"has-post-thumbnail","6":"product_cat-porte-velos-arriere","8":"first","9":"instock","10":"taxable","11":"shipping-taxable","12":"purchasable","13":"product-type-simple"},"acf":[],"yoast_head":"<!-- This site is optimized with the Yoast SEO plugin v27.5 - https:\/\/yoast.com\/product\/yoast-seo-wordpress\/ -->\n<title>Porte-v\u00e9los Carry-Bike DJ adaptable sur Ducato Deep Black - Bantam<\/title>\n<meta name=\"robots\" content=\"index, follow, max-snippet:-1, max-image-preview:large, max-video-preview:-1\" \/>\n<link rel=\"canonical\" href=\"https:\/\/shop.bantam.ch\/fr\/produit\/porte-velos-carry-bike-dj-adaptable-sur-ducato-deep-black\/\" \/>\n<meta property=\"og:locale\" content=\"fr_FR\" \/>\n<meta property=\"og:type\" content=\"article\" \/>\n<meta property=\"og:title\" content=\"Porte-v\u00e9los Carry-Bike DJ adaptable sur Ducato Deep Black - Bantam\" \/>\n<meta property=\"og:description\" content=\"Utilisez la double porte de votre v\u00e9hicule pour transporter vos v\u00e9los ! Ce carry-bike se compose de l&rsquo;achat s\u00e9par\u00e9 du porte-v\u00e9los et des barres de fixation sp\u00e9cialement con\u00e7ues pour le v\u00e9hicule Fiat Ducato \u2265 06. C&rsquo;est exactement ce qu&rsquo;il faut pour ceux qui recherchent un porte-v\u00e9los pour le Fiat Ducato permettant de transporter 2 v\u00e9los, [&hellip;]\" \/>\n<meta property=\"og:url\" content=\"https:\/\/shop.bantam.ch\/fr\/produit\/porte-velos-carry-bike-dj-adaptable-sur-ducato-deep-black\/\" \/>\n<meta property=\"og:site_name\" content=\"Bantam\" \/>\n<meta property=\"article:modified_time\" content=\"2026-05-01T21:51:00+00:00\" \/>\n<meta name=\"twitter:card\" content=\"summary_large_image\" \/>\n<meta name=\"twitter:label1\" content=\"Dur\u00e9e de lecture estim\u00e9e\" \/>\n\t<meta name=\"twitter:data1\" content=\"1 minute\" \/>\n<script type=\"application\/ld+json\" class=\"yoast-schema-graph\">{\"@context\":\"https:\\\/\\\/schema.org\",\"@graph\":[{\"@type\":\"WebPage\",\"@id\":\"https:\\\/\\\/shop.bantam.ch\\\/fr\\\/produit\\\/porte-velos-carry-bike-dj-adaptable-sur-ducato-deep-black\\\/\",\"url\":\"https:\\\/\\\/shop.bantam.ch\\\/fr\\\/produit\\\/porte-velos-carry-bike-dj-adaptable-sur-ducato-deep-black\\\/\",\"name\":\"Porte-v\u00e9los Carry-Bike DJ adaptable sur Ducato Deep Black - Bantam\",\"isPartOf\":{\"@id\":\"https:\\\/\\\/shop.bantam.ch\\\/fr\\\/#website\"},\"primaryImageOfPage\":{\"@id\":\"https:\\\/\\\/shop.bantam.ch\\\/fr\\\/produit\\\/porte-velos-carry-bike-dj-adaptable-sur-ducato-deep-black\\\/#primaryimage\"},\"image\":{\"@id\":\"https:\\\/\\\/shop.bantam.ch\\\/fr\\\/produit\\\/porte-velos-carry-bike-dj-adaptable-sur-ducato-deep-black\\\/#primaryimage\"},\"thumbnailUrl\":\"https:\\\/\\\/shop.bantam.ch\\\/wp-content\\\/uploads\\\/2026\\\/02\\\/Movera-L-9966402100.png\",\"datePublished\":\"2026-02-04T09:47:03+00:00\",\"dateModified\":\"2026-05-01T21:51:00+00:00\",\"breadcrumb\":{\"@id\":\"https:\\\/\\\/shop.bantam.ch\\\/fr\\\/produit\\\/porte-velos-carry-bike-dj-adaptable-sur-ducato-deep-black\\\/#breadcrumb\"},\"inLanguage\":\"fr-FR\",\"potentialAction\":[{\"@type\":\"ReadAction\",\"target\":[\"https:\\\/\\\/shop.bantam.ch\\\/fr\\\/produit\\\/porte-velos-carry-bike-dj-adaptable-sur-ducato-deep-black\\\/\"]}]},{\"@type\":\"ImageObject\",\"inLanguage\":\"fr-FR\",\"@id\":\"https:\\\/\\\/shop.bantam.ch\\\/fr\\\/produit\\\/porte-velos-carry-bike-dj-adaptable-sur-ducato-deep-black\\\/#primaryimage\",\"url\":\"https:\\\/\\\/shop.bantam.ch\\\/wp-content\\\/uploads\\\/2026\\\/02\\\/Movera-L-9966402100.png\",\"contentUrl\":\"https:\\\/\\\/shop.bantam.ch\\\/wp-content\\\/uploads\\\/2026\\\/02\\\/Movera-L-9966402100.png\",\"width\":640,\"height\":360},{\"@type\":\"BreadcrumbList\",\"@id\":\"https:\\\/\\\/shop.bantam.ch\\\/fr\\\/produit\\\/porte-velos-carry-bike-dj-adaptable-sur-ducato-deep-black\\\/#breadcrumb\",\"itemListElement\":[{\"@type\":\"ListItem\",\"position\":1,\"name\":\"Accueil\",\"item\":\"https:\\\/\\\/shop.bantam.ch\\\/fr\\\/\"},{\"@type\":\"ListItem\",\"position\":2,\"name\":\"Boutique\",\"item\":\"https:\\\/\\\/shop.bantam.ch\\\/fr\\\/boutique\\\/\"},{\"@type\":\"ListItem\",\"position\":3,\"name\":\"Porte-v\u00e9los Carry-Bike DJ adaptable sur Ducato Deep Black\"}]},{\"@type\":\"WebSite\",\"@id\":\"https:\\\/\\\/shop.bantam.ch\\\/fr\\\/#website\",\"url\":\"https:\\\/\\\/shop.bantam.ch\\\/fr\\\/\",\"name\":\"Bantam\",\"description\":\"\",\"publisher\":{\"@id\":\"https:\\\/\\\/shop.bantam.ch\\\/fr\\\/#organization\"},\"inLanguage\":\"fr-FR\"},{\"@type\":\"Organization\",\"@id\":\"https:\\\/\\\/shop.bantam.ch\\\/fr\\\/#organization\",\"name\":\"Bantam\",\"url\":\"https:\\\/\\\/shop.bantam.ch\\\/fr\\\/\",\"logo\":{\"@type\":\"ImageObject\",\"inLanguage\":\"fr-FR\",\"@id\":\"https:\\\/\\\/shop.bantam.ch\\\/fr\\\/#\\\/schema\\\/logo\\\/image\\\/\",\"url\":\"https:\\\/\\\/shop.bantam.ch\\\/wp-content\\\/uploads\\\/2022\\\/12\\\/bantam-logo.png\",\"contentUrl\":\"https:\\\/\\\/shop.bantam.ch\\\/wp-content\\\/uploads\\\/2022\\\/12\\\/bantam-logo.png\",\"width\":320,\"height\":71,\"caption\":\"Bantam\"},\"image\":{\"@id\":\"https:\\\/\\\/shop.bantam.ch\\\/fr\\\/#\\\/schema\\\/logo\\\/image\\\/\"}}]}<\/script>\n<!-- \/ Yoast SEO plugin. -->","yoast_head_json":{"title":"Porte-v\u00e9los Carry-Bike DJ adaptable sur Ducato Deep Black - Bantam","robots":{"index":"index","follow":"follow","max-snippet":"max-snippet:-1","max-image-preview":"max-image-preview:large","max-video-preview":"max-video-preview:-1"},"canonical":"https:\/\/shop.bantam.ch\/fr\/produit\/porte-velos-carry-bike-dj-adaptable-sur-ducato-deep-black\/","og_locale":"fr_FR","og_type":"article","og_title":"Porte-v\u00e9los Carry-Bike DJ adaptable sur Ducato Deep Black - Bantam","og_description":"Utilisez la double porte de votre v\u00e9hicule pour transporter vos v\u00e9los ! Ce carry-bike se compose de l&rsquo;achat s\u00e9par\u00e9 du porte-v\u00e9los et des barres de fixation sp\u00e9cialement con\u00e7ues pour le v\u00e9hicule Fiat Ducato \u2265 06. C&rsquo;est exactement ce qu&rsquo;il faut pour ceux qui recherchent un porte-v\u00e9los pour le Fiat Ducato permettant de transporter 2 v\u00e9los, [&hellip;]","og_url":"https:\/\/shop.bantam.ch\/fr\/produit\/porte-velos-carry-bike-dj-adaptable-sur-ducato-deep-black\/","og_site_name":"Bantam","article_modified_time":"2026-05-01T21:51:00+00:00","twitter_card":"summary_large_image","twitter_misc":{"Dur\u00e9e de lecture estim\u00e9e":"1 minute"},"schema":{"@context":"https:\/\/schema.org","@graph":[{"@type":"WebPage","@id":"https:\/\/shop.bantam.ch\/fr\/produit\/porte-velos-carry-bike-dj-adaptable-sur-ducato-deep-black\/","url":"https:\/\/shop.bantam.ch\/fr\/produit\/porte-velos-carry-bike-dj-adaptable-sur-ducato-deep-black\/","name":"Porte-v\u00e9los Carry-Bike DJ adaptable sur Ducato Deep Black - Bantam","isPartOf":{"@id":"https:\/\/shop.bantam.ch\/fr\/#website"},"primaryImageOfPage":{"@id":"https:\/\/shop.bantam.ch\/fr\/produit\/porte-velos-carry-bike-dj-adaptable-sur-ducato-deep-black\/#primaryimage"},"image":{"@id":"https:\/\/shop.bantam.ch\/fr\/produit\/porte-velos-carry-bike-dj-adaptable-sur-ducato-deep-black\/#primaryimage"},"thumbnailUrl":"https:\/\/shop.bantam.ch\/wp-content\/uploads\/2026\/02\/Movera-L-9966402100.png","datePublished":"2026-02-04T09:47:03+00:00","dateModified":"2026-05-01T21:51:00+00:00","breadcrumb":{"@id":"https:\/\/shop.bantam.ch\/fr\/produit\/porte-velos-carry-bike-dj-adaptable-sur-ducato-deep-black\/#breadcrumb"},"inLanguage":"fr-FR","potentialAction":[{"@type":"ReadAction","target":["https:\/\/shop.bantam.ch\/fr\/produit\/porte-velos-carry-bike-dj-adaptable-sur-ducato-deep-black\/"]}]},{"@type":"ImageObject","inLanguage":"fr-FR","@id":"https:\/\/shop.bantam.ch\/fr\/produit\/porte-velos-carry-bike-dj-adaptable-sur-ducato-deep-black\/#primaryimage","url":"https:\/\/shop.bantam.ch\/wp-content\/uploads\/2026\/02\/Movera-L-9966402100.png","contentUrl":"https:\/\/shop.bantam.ch\/wp-content\/uploads\/2026\/02\/Movera-L-9966402100.png","width":640,"height":360},{"@type":"BreadcrumbList","@id":"https:\/\/shop.bantam.ch\/fr\/produit\/porte-velos-carry-bike-dj-adaptable-sur-ducato-deep-black\/#breadcrumb","itemListElement":[{"@type":"ListItem","position":1,"name":"Accueil","item":"https:\/\/shop.bantam.ch\/fr\/"},{"@type":"ListItem","position":2,"name":"Boutique","item":"https:\/\/shop.bantam.ch\/fr\/boutique\/"},{"@type":"ListItem","position":3,"name":"Porte-v\u00e9los Carry-Bike DJ adaptable sur Ducato Deep Black"}]},{"@type":"WebSite","@id":"https:\/\/shop.bantam.ch\/fr\/#website","url":"https:\/\/shop.bantam.ch\/fr\/","name":"Bantam","description":"","publisher":{"@id":"https:\/\/shop.bantam.ch\/fr\/#organization"},"inLanguage":"fr-FR"},{"@type":"Organization","@id":"https:\/\/shop.bantam.ch\/fr\/#organization","name":"Bantam","url":"https:\/\/shop.bantam.ch\/fr\/","logo":{"@type":"ImageObject","inLanguage":"fr-FR","@id":"https:\/\/shop.bantam.ch\/fr\/#\/schema\/logo\/image\/","url":"https:\/\/shop.bantam.ch\/wp-content\/uploads\/2022\/12\/bantam-logo.png","contentUrl":"https:\/\/shop.bantam.ch\/wp-content\/uploads\/2022\/12\/bantam-logo.png","width":320,"height":71,"caption":"Bantam"},"image":{"@id":"https:\/\/shop.bantam.ch\/fr\/#\/schema\/logo\/image\/"}}]}},"_links":{"self":[{"href":"https:\/\/shop.bantam.ch\/fr\/wp-json\/wp\/v2\/product\/232709","targetHints":{"allow":["GET"]}}],"collection":[{"href":"https:\/\/shop.bantam.ch\/fr\/wp-json\/wp\/v2\/product"}],"about":[{"href":"https:\/\/shop.bantam.ch\/fr\/wp-json\/wp\/v2\/types\/product"}],"wp:featuredmedia":[{"embeddable":true,"href":"https:\/\/shop.bantam.ch\/fr\/wp-json\/wp\/v2\/media\/232701"}],"wp:attachment":[{"href":"https:\/\/shop.bantam.ch\/fr\/wp-json\/wp\/v2\/media?parent=232709"}],"wp:term":[{"taxonomy":"product_featured_cat","embeddable":true,"href":"https:\/\/shop.bantam.ch\/fr\/wp-json\/wp\/v2\/product_featured_cat?post=232709"},{"taxonomy":"product_brand","embeddable":true,"href":"https:\/\/shop.bantam.ch\/fr\/wp-json\/wp\/v2\/product_brand?post=232709"},{"taxonomy":"product_cat","embeddable":true,"href":"https:\/\/shop.bantam.ch\/fr\/wp-json\/wp\/v2\/product_cat?post=232709"},{"taxonomy":"product_tag","embeddable":true,"href":"https:\/\/shop.bantam.ch\/fr\/wp-json\/wp\/v2\/product_tag?post=232709"}],"curies":[{"name":"wp","href":"https:\/\/api.w.org\/{rel}","templated":true}]}}

Porte-vélos Carry-Bike DJ adaptable sur Ducato Deep Black

<p>Utilisez la double porte de votre véhicule pour transporter vos vélos !<br />
Ce carry-bike se compose de l&rsquo;achat séparé du porte-vélos et des barres de fixation spécialement conçues pour le véhicule Fiat Ducato ≥ 06.</p>
<p>C&rsquo;est exactement ce qu&rsquo;il faut pour ceux qui recherchent un porte-vélos pour le Fiat Ducato permettant de transporter 2 vélos, mais avec lequel il est également possible de monter l&rsquo;échelle Deluxe sur le hayon gauche.</p>
<ul>
<li>Espacement des rails 23 cm</li>
<li>Pour 2 vélos max.</li>
<li>Rail : Rail Quick Pro</li>
<li>Bike-Block : Pro S1 / Pro S3</li>
</ul>
<p>Compatibilité véhicule<br />
Fiat Ducato III-IV série / Citroën Jumper II-III série / Peugeot Boxer II-III série (≥ 2006 &#8211; H2/H3)</p>

<p>Utilisez la double porte de votre véhicule pour transporter vos vélos ! Ce carry-bike se compose de l&rsquo;achat séparé du porte-vélos et des barres de fixation spécialement conçues pour le véhicule Fiat Ducato ≥ 06. C&rsquo;est exactement ce qu&rsquo;il faut pour ceux qui recherchent un porte-vélos pour le Fiat Ducato permettant de transporter 2 vélos, [&hellip;]</p>

<!-- This site is optimized with the Yoast SEO plugin v27.5 - https://yoast.com/product/yoast-seo-wordpress/ -->
<title>Porte-vélos Carry-Bike DJ adaptable sur Ducato Deep Black - Bantam</title>
<meta name="robots" content="index, follow, max-snippet:-1, max-image-preview:large, max-video-preview:-1" />
<link rel="canonical" href="https://shop.bantam.ch/fr/produit/porte-velos-carry-bike-dj-adaptable-sur-ducato-deep-black/" />
<meta property="og:locale" content="fr_FR" />
<meta property="og:type" content="article" />
<meta property="og:title" content="Porte-vélos Carry-Bike DJ adaptable sur Ducato Deep Black - Bantam" />
<meta property="og:description" content="Utilisez la double porte de votre véhicule pour transporter vos vélos ! Ce carry-bike se compose de l&rsquo;achat séparé du porte-vélos et des barres de fixation spécialement conçues pour le véhicule Fiat Ducato ≥ 06. C&rsquo;est exactement ce qu&rsquo;il faut pour ceux qui recherchent un porte-vélos pour le Fiat Ducato permettant de transporter 2 vélos, [&hellip;]" />
<meta property="og:url" content="https://shop.bantam.ch/fr/produit/porte-velos-carry-bike-dj-adaptable-sur-ducato-deep-black/" />
<meta property="og:site_name" content="Bantam" />
<meta property="article:modified_time" content="2026-05-01T21:51:00+00:00" />
<meta name="twitter:card" content="summary_large_image" />
<meta name="twitter:label1" content="Durée de lecture estimée" />
	<meta name="twitter:data1" content="1 minute" />
<script type="application/ld+json" class="yoast-schema-graph">{"@context":"https:\/\/schema.org","@graph":[{"@type":"WebPage","@id":"https:\/\/shop.bantam.ch\/fr\/produit\/porte-velos-carry-bike-dj-adaptable-sur-ducato-deep-black\/","url":"https:\/\/shop.bantam.ch\/fr\/produit\/porte-velos-carry-bike-dj-adaptable-sur-ducato-deep-black\/","name":"Porte-vélos Carry-Bike DJ adaptable sur Ducato Deep Black - Bantam","isPartOf":{"@id":"https:\/\/shop.bantam.ch\/fr\/#website"},"primaryImageOfPage":{"@id":"https:\/\/shop.bantam.ch\/fr\/produit\/porte-velos-carry-bike-dj-adaptable-sur-ducato-deep-black\/#primaryimage"},"image":{"@id":"https:\/\/shop.bantam.ch\/fr\/produit\/porte-velos-carry-bike-dj-adaptable-sur-ducato-deep-black\/#primaryimage"},"thumbnailUrl":"https:\/\/shop.bantam.ch\/wp-content\/uploads\/2026\/02\/Movera-L-9966402100.png","datePublished":"2026-02-04T09:47:03+00:00","dateModified":"2026-05-01T21:51:00+00:00","breadcrumb":{"@id":"https:\/\/shop.bantam.ch\/fr\/produit\/porte-velos-carry-bike-dj-adaptable-sur-ducato-deep-black\/#breadcrumb"},"inLanguage":"fr-FR","potentialAction":[{"@type":"ReadAction","target":["https:\/\/shop.bantam.ch\/fr\/produit\/porte-velos-carry-bike-dj-adaptable-sur-ducato-deep-black\/"]}]},{"@type":"ImageObject","inLanguage":"fr-FR","@id":"https:\/\/shop.bantam.ch\/fr\/produit\/porte-velos-carry-bike-dj-adaptable-sur-ducato-deep-black\/#primaryimage","url":"https:\/\/shop.bantam.ch\/wp-content\/uploads\/2026\/02\/Movera-L-9966402100.png","contentUrl":"https:\/\/shop.bantam.ch\/wp-content\/uploads\/2026\/02\/Movera-L-9966402100.png","width":640,"height":360},{"@type":"BreadcrumbList","@id":"https:\/\/shop.bantam.ch\/fr\/produit\/porte-velos-carry-bike-dj-adaptable-sur-ducato-deep-black\/#breadcrumb","itemListElement":[{"@type":"ListItem","position":1,"name":"Accueil","item":"https:\/\/shop.bantam.ch\/fr\/"},{"@type":"ListItem","position":2,"name":"Boutique","item":"https:\/\/shop.bantam.ch\/fr\/boutique\/"},{"@type":"ListItem","position":3,"name":"Porte-vélos Carry-Bike DJ adaptable sur Ducato Deep Black"}]},{"@type":"WebSite","@id":"https:\/\/shop.bantam.ch\/fr\/#website","url":"https:\/\/shop.bantam.ch\/fr\/","name":"Bantam","description":"","publisher":{"@id":"https:\/\/shop.bantam.ch\/fr\/#organization"},"inLanguage":"fr-FR"},{"@type":"Organization","@id":"https:\/\/shop.bantam.ch\/fr\/#organization","name":"Bantam","url":"https:\/\/shop.bantam.ch\/fr\/","logo":{"@type":"ImageObject","inLanguage":"fr-FR","@id":"https:\/\/shop.bantam.ch\/fr\/#\/schema\/logo\/image\/","url":"https:\/\/shop.bantam.ch\/wp-content\/uploads\/2022\/12\/bantam-logo.png","contentUrl":"https:\/\/shop.bantam.ch\/wp-content\/uploads\/2022\/12\/bantam-logo.png","width":320,"height":71,"caption":"Bantam"},"image":{"@id":"https:\/\/shop.bantam.ch\/fr\/#\/schema\/logo\/image\/"}}]}</script>
<!-- / Yoast SEO plugin. -->

Porte-vélos Carry-Bike DJ adaptable sur Ducato Deep Black - Bantam

Utilisez la double porte de votre véhicule pour transporter vos vélos ! Ce carry-bike se compose de l&rsquo;achat séparé du porte-vélos et des barres de fixation spécialement conçues pour le véhicule Fiat Ducato ≥ 06. C&rsquo;est exactement ce qu&rsquo;il faut pour ceux qui recherchent un porte-vélos pour le Fiat Ducato permettant de transporter 2 vélos, [&hellip;]
