{"id":226307,"date":"2025-12-17T16:22:44","date_gmt":"2025-12-17T15:22:44","guid":{"rendered":"https:\/\/shop.bantam.ch\/produit\/sac-moovi-pro\/"},"modified":"2026-05-02T23:39:21","modified_gmt":"2026-05-02T21:39:21","slug":"sac-moovi-pro","status":"publish","type":"product","link":"https:\/\/shop.bantam.ch\/fr\/produit\/sac-moovi-pro\/","title":{"rendered":"Sac Moovi Pro"},"content":{"rendered":"<p>\u00a0<\/p>\n<p>La sacoche Moovi est ce qu\u2019il vous faut si vous souhaitez ranger et transporter votre Moovi de fa\u00e7on s\u00fbre et compacte. Elle est parfaitement adapt\u00e9e pour emmener votre trottinette \u00e9lectrique Moovi en voyages, ou la transporter de A \u00e0 B au quotidien (dans les cas de certains d\u00e9placements o\u00f9 la Moovi n\u2019est pas utilisable). La face int\u00e9rieure est dot\u00e9e de sangles de fixation permettant de maintenir la trottinette Moovi. Une sacoche avec fermeture \u00e0 glissi\u00e8re sur la face ext\u00e9rieure permet de ranger le c\u00e2ble de charge, lorsque la Moovi accompagnera de longs voyages. Gr\u00e2ce \u00e0 la confection pr\u00e9cise au centim\u00e8tre pr\u00e8s, les dimensions emball\u00e9e n\u2019augmente qu\u2019accessoirement et votre trottinette \u00e9lectrique Moovi reste compacte et manipulable dans son emballage de moins d\u2019un m\u00e8tre. Pour Moovi Pro.<\/p>\n<p>Mat\u00e9riau\u00a0:<br \/>100 % nylon<\/p>\n","protected":false},"excerpt":{"rendered":"<p>\u00a0 La sacoche Moovi est ce qu\u2019il vous faut si vous souhaitez ranger et transporter votre Moovi de fa\u00e7on s\u00fbre et compacte. Elle est parfaitement adapt\u00e9e pour emmener votre trottinette \u00e9lectrique Moovi en voyages, ou la transporter de A \u00e0 B au quotidien (dans les cas de certains d\u00e9placements o\u00f9 la Moovi n\u2019est pas utilisable). [&hellip;]<\/p>\n","protected":false},"featured_media":226299,"template":"","meta":{"_acf_changed":false},"product_featured_cat":[],"product_brand":[],"product_cat":[5127],"product_tag":[],"class_list":{"0":"post-226307","1":"product","2":"type-product","3":"status-publish","4":"has-post-thumbnail","6":"product_cat-deux-roues-electriques","8":"first","9":"instock","10":"taxable","11":"shipping-taxable","12":"purchasable","13":"product-type-simple"},"acf":[],"yoast_head":"<!-- This site is optimized with the Yoast SEO plugin v27.5 - https:\/\/yoast.com\/product\/yoast-seo-wordpress\/ -->\n<title>Sac Moovi Pro - Bantam<\/title>\n<meta name=\"robots\" content=\"index, follow, max-snippet:-1, max-image-preview:large, max-video-preview:-1\" \/>\n<link rel=\"canonical\" href=\"https:\/\/shop.bantam.ch\/fr\/produit\/sac-moovi-pro\/\" \/>\n<meta property=\"og:locale\" content=\"fr_FR\" \/>\n<meta property=\"og:type\" content=\"article\" \/>\n<meta property=\"og:title\" content=\"Sac Moovi Pro - Bantam\" \/>\n<meta property=\"og:description\" content=\"\u00a0 La sacoche Moovi est ce qu\u2019il vous faut si vous souhaitez ranger et transporter votre Moovi de fa\u00e7on s\u00fbre et compacte. Elle est parfaitement adapt\u00e9e pour emmener votre trottinette \u00e9lectrique Moovi en voyages, ou la transporter de A \u00e0 B au quotidien (dans les cas de certains d\u00e9placements o\u00f9 la Moovi n\u2019est pas utilisable). [&hellip;]\" \/>\n<meta property=\"og:url\" content=\"https:\/\/shop.bantam.ch\/fr\/produit\/sac-moovi-pro\/\" \/>\n<meta property=\"og:site_name\" content=\"Bantam\" \/>\n<meta property=\"article:modified_time\" content=\"2026-05-02T21:39:21+00:00\" \/>\n<meta name=\"twitter:card\" content=\"summary_large_image\" \/>\n<meta name=\"twitter:label1\" content=\"Dur\u00e9e de lecture estim\u00e9e\" \/>\n\t<meta name=\"twitter:data1\" content=\"1 minute\" \/>\n<script type=\"application\/ld+json\" class=\"yoast-schema-graph\">{\"@context\":\"https:\\\/\\\/schema.org\",\"@graph\":[{\"@type\":\"WebPage\",\"@id\":\"https:\\\/\\\/shop.bantam.ch\\\/fr\\\/produit\\\/sac-moovi-pro\\\/\",\"url\":\"https:\\\/\\\/shop.bantam.ch\\\/fr\\\/produit\\\/sac-moovi-pro\\\/\",\"name\":\"Sac Moovi Pro - Bantam\",\"isPartOf\":{\"@id\":\"https:\\\/\\\/shop.bantam.ch\\\/fr\\\/#website\"},\"primaryImageOfPage\":{\"@id\":\"https:\\\/\\\/shop.bantam.ch\\\/fr\\\/produit\\\/sac-moovi-pro\\\/#primaryimage\"},\"image\":{\"@id\":\"https:\\\/\\\/shop.bantam.ch\\\/fr\\\/produit\\\/sac-moovi-pro\\\/#primaryimage\"},\"thumbnailUrl\":\"https:\\\/\\\/shop.bantam.ch\\\/wp-content\\\/uploads\\\/2025\\\/12\\\/Movera-L-9944558100.jpg\",\"datePublished\":\"2025-12-17T15:22:44+00:00\",\"dateModified\":\"2026-05-02T21:39:21+00:00\",\"breadcrumb\":{\"@id\":\"https:\\\/\\\/shop.bantam.ch\\\/fr\\\/produit\\\/sac-moovi-pro\\\/#breadcrumb\"},\"inLanguage\":\"fr-FR\",\"potentialAction\":[{\"@type\":\"ReadAction\",\"target\":[\"https:\\\/\\\/shop.bantam.ch\\\/fr\\\/produit\\\/sac-moovi-pro\\\/\"]}]},{\"@type\":\"ImageObject\",\"inLanguage\":\"fr-FR\",\"@id\":\"https:\\\/\\\/shop.bantam.ch\\\/fr\\\/produit\\\/sac-moovi-pro\\\/#primaryimage\",\"url\":\"https:\\\/\\\/shop.bantam.ch\\\/wp-content\\\/uploads\\\/2025\\\/12\\\/Movera-L-9944558100.jpg\",\"contentUrl\":\"https:\\\/\\\/shop.bantam.ch\\\/wp-content\\\/uploads\\\/2025\\\/12\\\/Movera-L-9944558100.jpg\",\"width\":640,\"height\":243},{\"@type\":\"BreadcrumbList\",\"@id\":\"https:\\\/\\\/shop.bantam.ch\\\/fr\\\/produit\\\/sac-moovi-pro\\\/#breadcrumb\",\"itemListElement\":[{\"@type\":\"ListItem\",\"position\":1,\"name\":\"Accueil\",\"item\":\"https:\\\/\\\/shop.bantam.ch\\\/fr\\\/\"},{\"@type\":\"ListItem\",\"position\":2,\"name\":\"Boutique\",\"item\":\"https:\\\/\\\/shop.bantam.ch\\\/fr\\\/boutique\\\/\"},{\"@type\":\"ListItem\",\"position\":3,\"name\":\"Sac Moovi Pro\"}]},{\"@type\":\"WebSite\",\"@id\":\"https:\\\/\\\/shop.bantam.ch\\\/fr\\\/#website\",\"url\":\"https:\\\/\\\/shop.bantam.ch\\\/fr\\\/\",\"name\":\"Bantam\",\"description\":\"\",\"publisher\":{\"@id\":\"https:\\\/\\\/shop.bantam.ch\\\/fr\\\/#organization\"},\"inLanguage\":\"fr-FR\"},{\"@type\":\"Organization\",\"@id\":\"https:\\\/\\\/shop.bantam.ch\\\/fr\\\/#organization\",\"name\":\"Bantam\",\"url\":\"https:\\\/\\\/shop.bantam.ch\\\/fr\\\/\",\"logo\":{\"@type\":\"ImageObject\",\"inLanguage\":\"fr-FR\",\"@id\":\"https:\\\/\\\/shop.bantam.ch\\\/fr\\\/#\\\/schema\\\/logo\\\/image\\\/\",\"url\":\"https:\\\/\\\/shop.bantam.ch\\\/wp-content\\\/uploads\\\/2022\\\/12\\\/bantam-logo.png\",\"contentUrl\":\"https:\\\/\\\/shop.bantam.ch\\\/wp-content\\\/uploads\\\/2022\\\/12\\\/bantam-logo.png\",\"width\":320,\"height\":71,\"caption\":\"Bantam\"},\"image\":{\"@id\":\"https:\\\/\\\/shop.bantam.ch\\\/fr\\\/#\\\/schema\\\/logo\\\/image\\\/\"}}]}<\/script>\n<!-- \/ Yoast SEO plugin. -->","yoast_head_json":{"title":"Sac Moovi Pro - Bantam","robots":{"index":"index","follow":"follow","max-snippet":"max-snippet:-1","max-image-preview":"max-image-preview:large","max-video-preview":"max-video-preview:-1"},"canonical":"https:\/\/shop.bantam.ch\/fr\/produit\/sac-moovi-pro\/","og_locale":"fr_FR","og_type":"article","og_title":"Sac Moovi Pro - Bantam","og_description":"\u00a0 La sacoche Moovi est ce qu\u2019il vous faut si vous souhaitez ranger et transporter votre Moovi de fa\u00e7on s\u00fbre et compacte. Elle est parfaitement adapt\u00e9e pour emmener votre trottinette \u00e9lectrique Moovi en voyages, ou la transporter de A \u00e0 B au quotidien (dans les cas de certains d\u00e9placements o\u00f9 la Moovi n\u2019est pas utilisable). [&hellip;]","og_url":"https:\/\/shop.bantam.ch\/fr\/produit\/sac-moovi-pro\/","og_site_name":"Bantam","article_modified_time":"2026-05-02T21:39:21+00:00","twitter_card":"summary_large_image","twitter_misc":{"Dur\u00e9e de lecture estim\u00e9e":"1 minute"},"schema":{"@context":"https:\/\/schema.org","@graph":[{"@type":"WebPage","@id":"https:\/\/shop.bantam.ch\/fr\/produit\/sac-moovi-pro\/","url":"https:\/\/shop.bantam.ch\/fr\/produit\/sac-moovi-pro\/","name":"Sac Moovi Pro - Bantam","isPartOf":{"@id":"https:\/\/shop.bantam.ch\/fr\/#website"},"primaryImageOfPage":{"@id":"https:\/\/shop.bantam.ch\/fr\/produit\/sac-moovi-pro\/#primaryimage"},"image":{"@id":"https:\/\/shop.bantam.ch\/fr\/produit\/sac-moovi-pro\/#primaryimage"},"thumbnailUrl":"https:\/\/shop.bantam.ch\/wp-content\/uploads\/2025\/12\/Movera-L-9944558100.jpg","datePublished":"2025-12-17T15:22:44+00:00","dateModified":"2026-05-02T21:39:21+00:00","breadcrumb":{"@id":"https:\/\/shop.bantam.ch\/fr\/produit\/sac-moovi-pro\/#breadcrumb"},"inLanguage":"fr-FR","potentialAction":[{"@type":"ReadAction","target":["https:\/\/shop.bantam.ch\/fr\/produit\/sac-moovi-pro\/"]}]},{"@type":"ImageObject","inLanguage":"fr-FR","@id":"https:\/\/shop.bantam.ch\/fr\/produit\/sac-moovi-pro\/#primaryimage","url":"https:\/\/shop.bantam.ch\/wp-content\/uploads\/2025\/12\/Movera-L-9944558100.jpg","contentUrl":"https:\/\/shop.bantam.ch\/wp-content\/uploads\/2025\/12\/Movera-L-9944558100.jpg","width":640,"height":243},{"@type":"BreadcrumbList","@id":"https:\/\/shop.bantam.ch\/fr\/produit\/sac-moovi-pro\/#breadcrumb","itemListElement":[{"@type":"ListItem","position":1,"name":"Accueil","item":"https:\/\/shop.bantam.ch\/fr\/"},{"@type":"ListItem","position":2,"name":"Boutique","item":"https:\/\/shop.bantam.ch\/fr\/boutique\/"},{"@type":"ListItem","position":3,"name":"Sac Moovi Pro"}]},{"@type":"WebSite","@id":"https:\/\/shop.bantam.ch\/fr\/#website","url":"https:\/\/shop.bantam.ch\/fr\/","name":"Bantam","description":"","publisher":{"@id":"https:\/\/shop.bantam.ch\/fr\/#organization"},"inLanguage":"fr-FR"},{"@type":"Organization","@id":"https:\/\/shop.bantam.ch\/fr\/#organization","name":"Bantam","url":"https:\/\/shop.bantam.ch\/fr\/","logo":{"@type":"ImageObject","inLanguage":"fr-FR","@id":"https:\/\/shop.bantam.ch\/fr\/#\/schema\/logo\/image\/","url":"https:\/\/shop.bantam.ch\/wp-content\/uploads\/2022\/12\/bantam-logo.png","contentUrl":"https:\/\/shop.bantam.ch\/wp-content\/uploads\/2022\/12\/bantam-logo.png","width":320,"height":71,"caption":"Bantam"},"image":{"@id":"https:\/\/shop.bantam.ch\/fr\/#\/schema\/logo\/image\/"}}]}},"_links":{"self":[{"href":"https:\/\/shop.bantam.ch\/fr\/wp-json\/wp\/v2\/product\/226307","targetHints":{"allow":["GET"]}}],"collection":[{"href":"https:\/\/shop.bantam.ch\/fr\/wp-json\/wp\/v2\/product"}],"about":[{"href":"https:\/\/shop.bantam.ch\/fr\/wp-json\/wp\/v2\/types\/product"}],"wp:featuredmedia":[{"embeddable":true,"href":"https:\/\/shop.bantam.ch\/fr\/wp-json\/wp\/v2\/media\/226299"}],"wp:attachment":[{"href":"https:\/\/shop.bantam.ch\/fr\/wp-json\/wp\/v2\/media?parent=226307"}],"wp:term":[{"taxonomy":"product_featured_cat","embeddable":true,"href":"https:\/\/shop.bantam.ch\/fr\/wp-json\/wp\/v2\/product_featured_cat?post=226307"},{"taxonomy":"product_brand","embeddable":true,"href":"https:\/\/shop.bantam.ch\/fr\/wp-json\/wp\/v2\/product_brand?post=226307"},{"taxonomy":"product_cat","embeddable":true,"href":"https:\/\/shop.bantam.ch\/fr\/wp-json\/wp\/v2\/product_cat?post=226307"},{"taxonomy":"product_tag","embeddable":true,"href":"https:\/\/shop.bantam.ch\/fr\/wp-json\/wp\/v2\/product_tag?post=226307"}],"curies":[{"name":"wp","href":"https:\/\/api.w.org\/{rel}","templated":true}]}}

<p> </p>
<p>La sacoche Moovi est ce qu’il vous faut si vous souhaitez ranger et transporter votre Moovi de façon sûre et compacte. Elle est parfaitement adaptée pour emmener votre trottinette électrique Moovi en voyages, ou la transporter de A à B au quotidien (dans les cas de certains déplacements où la Moovi n’est pas utilisable). La face intérieure est dotée de sangles de fixation permettant de maintenir la trottinette Moovi. Une sacoche avec fermeture à glissière sur la face extérieure permet de ranger le câble de charge, lorsque la Moovi accompagnera de longs voyages. Grâce à la confection précise au centimètre près, les dimensions emballée n’augmente qu’accessoirement et votre trottinette électrique Moovi reste compacte et manipulable dans son emballage de moins d’un mètre. Pour Moovi Pro.</p>
<p>Matériau :<br />100 % nylon</p>

<p>  La sacoche Moovi est ce qu’il vous faut si vous souhaitez ranger et transporter votre Moovi de façon sûre et compacte. Elle est parfaitement adaptée pour emmener votre trottinette électrique Moovi en voyages, ou la transporter de A à B au quotidien (dans les cas de certains déplacements où la Moovi n’est pas utilisable). [&hellip;]</p>

<!-- This site is optimized with the Yoast SEO plugin v27.5 - https://yoast.com/product/yoast-seo-wordpress/ -->
<title>Sac Moovi Pro - Bantam</title>
<meta name="robots" content="index, follow, max-snippet:-1, max-image-preview:large, max-video-preview:-1" />
<link rel="canonical" href="https://shop.bantam.ch/fr/produit/sac-moovi-pro/" />
<meta property="og:locale" content="fr_FR" />
<meta property="og:type" content="article" />
<meta property="og:title" content="Sac Moovi Pro - Bantam" />
<meta property="og:description" content="  La sacoche Moovi est ce qu’il vous faut si vous souhaitez ranger et transporter votre Moovi de façon sûre et compacte. Elle est parfaitement adaptée pour emmener votre trottinette électrique Moovi en voyages, ou la transporter de A à B au quotidien (dans les cas de certains déplacements où la Moovi n’est pas utilisable). [&hellip;]" />
<meta property="og:url" content="https://shop.bantam.ch/fr/produit/sac-moovi-pro/" />
<meta property="og:site_name" content="Bantam" />
<meta property="article:modified_time" content="2026-05-02T21:39:21+00:00" />
<meta name="twitter:card" content="summary_large_image" />
<meta name="twitter:label1" content="Durée de lecture estimée" />
	<meta name="twitter:data1" content="1 minute" />
<script type="application/ld+json" class="yoast-schema-graph">{"@context":"https:\/\/schema.org","@graph":[{"@type":"WebPage","@id":"https:\/\/shop.bantam.ch\/fr\/produit\/sac-moovi-pro\/","url":"https:\/\/shop.bantam.ch\/fr\/produit\/sac-moovi-pro\/","name":"Sac Moovi Pro - Bantam","isPartOf":{"@id":"https:\/\/shop.bantam.ch\/fr\/#website"},"primaryImageOfPage":{"@id":"https:\/\/shop.bantam.ch\/fr\/produit\/sac-moovi-pro\/#primaryimage"},"image":{"@id":"https:\/\/shop.bantam.ch\/fr\/produit\/sac-moovi-pro\/#primaryimage"},"thumbnailUrl":"https:\/\/shop.bantam.ch\/wp-content\/uploads\/2025\/12\/Movera-L-9944558100.jpg","datePublished":"2025-12-17T15:22:44+00:00","dateModified":"2026-05-02T21:39:21+00:00","breadcrumb":{"@id":"https:\/\/shop.bantam.ch\/fr\/produit\/sac-moovi-pro\/#breadcrumb"},"inLanguage":"fr-FR","potentialAction":[{"@type":"ReadAction","target":["https:\/\/shop.bantam.ch\/fr\/produit\/sac-moovi-pro\/"]}]},{"@type":"ImageObject","inLanguage":"fr-FR","@id":"https:\/\/shop.bantam.ch\/fr\/produit\/sac-moovi-pro\/#primaryimage","url":"https:\/\/shop.bantam.ch\/wp-content\/uploads\/2025\/12\/Movera-L-9944558100.jpg","contentUrl":"https:\/\/shop.bantam.ch\/wp-content\/uploads\/2025\/12\/Movera-L-9944558100.jpg","width":640,"height":243},{"@type":"BreadcrumbList","@id":"https:\/\/shop.bantam.ch\/fr\/produit\/sac-moovi-pro\/#breadcrumb","itemListElement":[{"@type":"ListItem","position":1,"name":"Accueil","item":"https:\/\/shop.bantam.ch\/fr\/"},{"@type":"ListItem","position":2,"name":"Boutique","item":"https:\/\/shop.bantam.ch\/fr\/boutique\/"},{"@type":"ListItem","position":3,"name":"Sac Moovi Pro"}]},{"@type":"WebSite","@id":"https:\/\/shop.bantam.ch\/fr\/#website","url":"https:\/\/shop.bantam.ch\/fr\/","name":"Bantam","description":"","publisher":{"@id":"https:\/\/shop.bantam.ch\/fr\/#organization"},"inLanguage":"fr-FR"},{"@type":"Organization","@id":"https:\/\/shop.bantam.ch\/fr\/#organization","name":"Bantam","url":"https:\/\/shop.bantam.ch\/fr\/","logo":{"@type":"ImageObject","inLanguage":"fr-FR","@id":"https:\/\/shop.bantam.ch\/fr\/#\/schema\/logo\/image\/","url":"https:\/\/shop.bantam.ch\/wp-content\/uploads\/2022\/12\/bantam-logo.png","contentUrl":"https:\/\/shop.bantam.ch\/wp-content\/uploads\/2022\/12\/bantam-logo.png","width":320,"height":71,"caption":"Bantam"},"image":{"@id":"https:\/\/shop.bantam.ch\/fr\/#\/schema\/logo\/image\/"}}]}</script>
<!-- / Yoast SEO plugin. -->

La sacoche Moovi est ce qu’il vous faut si vous souhaitez ranger et transporter votre Moovi de façon sûre et compacte. Elle est parfaitement adaptée pour emmener votre trottinette électrique Moovi en voyages, ou la transporter de A à B au quotidien (dans les cas de certains déplacements où la Moovi n’est pas utilisable). [&hellip;]
